1)*3. Suppose 4*f = -3*t - 0*t, -j*t - 4 = 4*f. What is the units digit of f?
3
Suppose -4*k + 40 = k. What is the units digit of k/3*(-105)/(-28)?
0
Suppose 0 = -3*b - 2*b + 10. Suppose -3*y = b*y - 20. Suppose 0 = t + y*t - 10. What is the units digit of t?
2
Suppose 8*a + 35 = 3*a. Let w = a - -21. Suppose 3*t - w = -2. What is the units digit of t?
4
Let y be -2*4/(0 - 2). Let u(z) = y - 3 + 0 + z**2 - 4*z. What is the units digit of u(4)?
1
Let s be (17 - -1)*8/(-6). Let l be (s/(-20))/((-6)/(-20)). Suppose 0 = -l*w + 3 + 1, -3*h = -w - 26. What is the units digit of h?
9
Let o be (-1)/((-3 - -1)/18). Let j = o + -7. Suppose -3*s + 7*s = 3*v + 46, -j*s + 2*v = -22. What is the tens digit of s?
1
Let t(r) = r**3 + 2*r**2 - r + 2. Let h be t(-2). Let z(w) = -h*w - 5 + w**2 + 0*w + 1. What is the units digit of z(5)?
1
Suppose 3*p - q = 2*p + 1, -4 = -2*p + q. Let t(z) = -2*z**2 - p*z**2 + 3*z**2 + z**2 + 1 - z. What is the units digit of t(-1)?
1
Let w(q) = q + 3. Let c be w(-6). Suppose -n - 12 = n. What is the units digit of 1/c + (-14)/n?
2
Let d = -6 - 1. Let m = -6 - d. What is the units digit of m?
1
Let d = -5 + 6. Let t(p) = p**2 + 0*p**2 + p + 3*p + 5*p + d. What is the tens digit of t(-10)?
1
Suppose -4*q = -4 - 4. Suppose 0 = -4*f + r - 1, -2*f + 5 = -f + 5*r. What is the units digit of f/(-1) + 2/q?
1
Let v(a) = -2*a**3 - 3*a**2 - 2*a - 1. Let x be v(-2). Suppose 0 = -2*i - x + 1. What is the units digit of (1*-3)/(i/8)?
8
Suppose -2*z + 0 = -6. Let t(g) = -3*g - 15. Let s be t(-6). Suppose d + s*d = 4*c - 12, -5*d + 49 = z*c. What is the units digit of c?
8
Let c(v) = 4*v**2 + v. Let j be c(1). Suppose 2*t - j*t = -21. What is the units digit of t?
7
Suppose 2*d + 9 - 1 = 0. Let g = 7 + d. Suppose 5*u = 4*y - 9, g*u - 2*u = -5*y + 4. What is the units digit of y?
1
Suppose -2*i + i + 1 = 0. Suppose -3*b - 4*c + 34 = 0, 2*c - i = -11. Let j = b - 5. What is the units digit of j?
3
Suppose -3*o = -4*o - 2. Suppose -2 = -t + 5*k + 3, -3*k = -3*t + 15. Let s = t + o. What is the units digit of s?
3
Let x = 7 + -17. Let w be x*1/(-2) + -2. What is the units digit of w/(3 - (-8)/(-3))?
9
Let d be (1 - 1) + 1 + -1. Suppose -2*z + 138 - 42 = d. What is the units digit of z?
8
Suppose 6*o - 185 = o. What is the units digit of o?
7
Let p(a) = a**3 + 11*a**2 - 3*a - 5. Suppose -2*x - 64 = 4*f - 7*x, -x + 26 = -2*f. What is the units digit of p(f)?
8
Let d(q) = q**2 + 5*q - 3. Let v be d(-6). Suppose 2*w = w, 92 = 4*j + v*w. Suppose -10 = -4*o - 2*f, -4*o + 5*f = -8 - j. What is the units digit of o?
4
Let p(z) = z**2 - 16. What is the tens digit of p(-7)?
3
Let v = 113 + 108. What is the units digit of v?
1
Suppose 5*p + 3*t - 134 = -26, -3*p + 4*t = -59. Suppose p + 12 = 3*d. What is the tens digit of d?
1
Let j(x) = 8*x**3 - 2*x**2 + 3*x - 1. What is the units digit of j(1)?
8
Let l be 56/(-6)*(-9)/6. Let f = -10 + l. What is the units digit of f?
4
Let p = 1 - -3. Suppose -5*q - y = -73 + 23, 50 = 5*q + p*y. What is the tens digit of q?
1
What is the tens digit of 12*1*(-3 + 31/3)?
8
Let p be 2/(-6) - (-10)/3. Suppose 2*d - 27 = -k, -2*k = -3*d + p*k + 34. What is the units digit of d?
3
Let v(o) = -o**3 - 6*o**2 - 6*o + 2. What is the units digit of v(-6)?
8
Let z be 2/7 + 362/7. Let n = z + -27. Suppose -85 = -4*r - n. What is the tens digit of r?
1
Let c = -128 - -219. What is the units digit of c?
1
Let m(u) = 3*u**2 + 24*u - 15. What is the units digit of m(-11)?
4
Let a = -8 + 13. Suppose 4*w - 102 = a*x, -4*x - 52 = -2*w - 2*x. What is the units digit of w?
8
Let p(l) = 4*l - 2. Let u be p(2). Suppose 0 = 2*t - 23 - 7. Suppose u*k - t = k. What is the units digit of k?
3
Let q(k) = k - 3. Let y be q(-6). Let i(p) be the third derivative of p**5/60 + p**4/3 - 5*p**3/6 - 3*p**2. What is the units digit of i(y)?
4
Suppose -x - 120 = -427. What is the tens digit of x?
0
Let h be 1/(-3) - 4/6. Suppose k = -c - 15, -k + 3*c = -2 + 5. Let b = h - k. What is the tens digit of b?
1
Let r be 3/21 + (-530)/(-14). Suppose 2*a = 3*q + r, -5*q - 10 = 10. What is the tens digit of a?
1
Let c(u) = u**3 + 118. What is the units digit of c(0)?
8
Suppose 22 = 2*y + 4*l, 15 + 1 = 5*y - 3*l. What is the units digit of y?
5
Suppose -128 = -2*f - 0*f. What is the units digit of f?
4
Let s(a) = -a**3 - 6*a**2 - 2*a - 9. Let v be s(-6). Suppose -24 = -3*t - n + 54, -n + 3 = 0. Suppose 23 - 4 = v*o + z, t = -5*z. What is the units digit of o?
8
What is the units digit of (20/(-3))/((-68)/918)?
0
Suppose -8*r = -510 - 1234. What is the tens digit of r?
1
Suppose -3*o + m = o - 15, 0 = -3*o - m + 13. Suppose -3*n + o = -11. Suppose -n*k + 3 = -17. What is the units digit of k?
4
Suppose 3*g - 18 = 111. What is the tens digit of g?
4
Let j = -5 + 19. What is the tens digit of j?
1
Let z be 1 - (-3)/(-6)*2. Suppose z*x + 8 = 4*x. What is the units digit of x?
2
Let x = -21 + 26. Suppose 2*r - x*r + 6 = 0. What is the units digit of r?
2
Let j = -5 - -4. Let n = j + 3. What is the units digit of n?
2
Suppose 7*f = 2*j + 2*f - 39, -3*j - 4*f + 1 = 0. Let h = j - 1. What is the units digit of h?
6
Let t be 1*12 + 10 + -11. Suppose -t = -2*o + 1. What is the units digit of o?
6
Suppose -4*q + 144 = 5*o, 5*q + 5*o = 241 - 61. Let y be 2 - (3 - 0) - q. Let l = 54 + y. What is the units digit of l?
7
Suppose -4 = -4*o + 2*o. What is the units digit of (1 - 2)*-8 + o?
0
Let o be (-1)/((-10)/6 + 2). Let h be o*((-1)/(-3) - 1). Suppose h*j - 27 = -j. What is the units digit of j?
9
Let m = 99 + 135. What is the hundreds digit of m?
2
Let f = -44 + 56. What is the tens digit of f?
1
Let t = -7 + 53. What is the tens digit of t?
4
Let s be 6/33 + 92/(-22). Let a be (-6)/s + 66/4. Suppose 2*c + c = a. What is the units digit of c?
6
Suppose 8*m - 3*m = 4*y - 4, -y + 1 = 2*m. Suppose 0 = -5*k + 2*f - 3, -3*k - f - 2*f + 15 = m. What is the units digit of k?
1
What is the hundreds digit of (33 - 6)*130/15?
2
Suppose 4 - 64 = -3*o. What is the tens digit of o?
2
What is the units digit of ((-112)/(-10) + 2)*5?
6
Suppose 5*v + 171 - 431 = 0. What is the tens digit of v?
5
Suppose -248 - 40 = -2*y. What is the hundreds digit of y?
1
Let l be 47 - (3 - (0 - -1)). Suppose -3*k + l = -0*k. What is the units digit of k?
5
Let a(b) = b - 3. Let x be a(6). Let r(o) = 6*o - 3*o**2 + 0*o - 1 + o**3 - 3*o. What is the units digit of r(x)?
8
Let o = -5 - 4. Let h = o - -13. What is the units digit of h?
4
Let s be (1 - 0) + 3 + 1. Suppose 5*l = 2*d + 15, -s*d = -5*l + 8 + 7. What is the units digit of l?
3
Suppose -53*x + 47*x + 576 = 0. What is the units digit of x?
6
Suppose -4*y + 322 = 90. What is the units digit of y?
8
Let y(g) = g + 6. Let m be y(7). Suppose 2*s = s + 4*r + 13, -5*r + m = s. What is the units digit of s?
3
Let t = 3 + -2. Let b = t + 5. What is the units digit of b?
6
Suppose -4*j = 5*k - 43 + 7, 45 = 5*j - 2*k. Let h = j - 3. Suppose -3*i - 5*l - 2 = -h, -2*l = 5*i - 13. What is the units digit of i?
3
Suppose -z + 21 = 4*r, -5*r + 37 = -2*r + 5*z. Suppose 6*q - 5*l - 107 = 3*q, -r*q = 5*l - 96. What is the units digit of q?
9
Let t(p) = 3*p**3 + p**3 + 3 - 3*p**3. Let c be t(0). Suppose 0 = -0*v + c*v - 9. What is the units digit of v?
3
Let u(k) = k**3 + 15*k**2 - 17*k + 12. What is the units digit of u(-16)?
8
Let k be ((-16)/(-8))/(2/(-3)). Let v(t) = 2*t**2 - 4*t - 4. What is the tens digit of v(k)?
2
Let j(t) = 25*t**3 + t**2 - t. What is the tens digit of j(1)?
2
Let f(b) = 5*b - 4. Let s(d) = 11*d - 8. Let p(n) = 13*f(n) - 6*s(n). Let y(x) = 2*x + 8. Let o(k) = -11*p(k) - 6*y(k). What is the units digit of o(-9)?
5
Let f be 1/((-1)/(-3 + 2)). Let m(t) = 4*t - 2. Let j be m(f). Suppose 2*c + j*c - 68 = 0. What is the units digit of c?
7
Let d(n) = -n**3 - 5*n**2 - 4*n + 4. Suppose 3*j - 4 = 4*j. Let u be d(j). Suppose -4*b - 8 = 0, -u*s + 4*b = -5*s. What is the units digit of s?
8
Suppose -7 = -2*y - 21. Let t = y + 4. What is the units digit of (-12)/(t - -1) - 2?
4
Suppose -1094 = -5*b - 4*t, 3*b - 300 = 2*t + 374. What is the tens digit of b?
2
Let y = 6 - 4. What is the units digit of y?
2
Let r(g) = -g**3 + 3*g**2 + 4*g + 1. What is the units digit of r(4)?
1
Let v = 8 - 6. Let w(n) = 1 + 0 + 9*n - 5*n + 1. What is the units digit of w(v)?
0
S